(-55)/(-10)*(-48)/(-44). Let h(s) be the first derivative of 7*s + 1/2*s**2 + m. What is h(0)?
7
Let l = 66 + 5. Let c(b) = l - 71 - 3*b. Calculate c(3).
-9
Let y(j) = 5*j**2 + 18*j - 10. Let p(l) = -7*l**2 - 19*l + 10. Let u(b) = -3*p(b) - 4*y(b). Calculate u(14).
-4
Let x(n) = n**2 - 5*n - 3. Let k be 44/8 - 30/12. Give x(k).
-9
Suppose 0 = 2*w + 4*p + 20, 2*w - 5*p - 7 = -0*w. Let x(k) = -14*k - 50. What is x(w)?
6
Let j = -49 + 40. Let d = j + 12. Let q(k) = -k**3 + 5*k**2 - 5*k + 4. Give q(d).
7
Let w(p) = 4 + 3 + p + 3 - 4 - 26. Determine w(14).
-6
Let l(x) = 2*x. Let k be 9/(-21) + 31/7. Let y be (-3)/(-18)*k*3. Let t be l(y). Let h(j) = j - 9. Calculate h(t).
-5
Let l(d) = -8*d + 2. Let a(q) = 19*q - 3. Let i(c) = -3*a(c) - 7*l(c). Give i(-5).
0
Let w(n) = -5*n + 1. Let h(l) = 17*l + 2. Let i(r) = -2*h(r) - 7*w(r). What is i(11)?
0
Let a(m) = -3*m + 2. Suppose y = -5*i + 9, -2*i = -2*y - 2 + 8. Let r(t) = 5*t - 3. Let f(h) = y*r(h) + 7*a(h). Give f(3).
-1
Let k(l) = -l**3 - l**2 + 1. Let z(g) = -g**2 + g - 5. Let d be z(0). Let s(y) = -2*y**3 - 2*y**2 + y + 2. Let r(c) = d*k(c) + 2*s(c). Determine r(2).
15
Suppose -4*k = -k - 15. Suppose k*j - 12 = j. Suppose 0 = -4*d - j*l - 9, 2*d + 2*l = -0*d - 6. Let q(c) = c - 8. Calculate q(d).
-8
Let f(n) = -3*n + 7. Suppose -4*c + 25 = -r, 28 = -r - c + 3. Let m = r + 30. Suppose -2*p = -d + 7, -3*d = -m*d + 2*p + 12. Give f(d).
-8
Let a(d) = 0 + 2 + 10*d - d**3 + 4*d - 15*d. Let z(p) = -p**3 - 6*p**2. Let f be z(-6). Suppose w = -f*w. Give a(w).
2
Let x(h) = 7*h + 23. Let c(a) = 8*a + 27. Let k(n) = 6*c(n) - 7*x(n). What is k(-2)?
3
Let i(t) be the first derivative of -t**4/4 + 5*t**3/3 - t**2/2 + 4*t - 221. Give i(5).
-1
Let n(h) = -h**3 - 7*h**2 + 10*h + 8. Suppose -87*a - 16 = -85*a. Calculate n(a).
-8
Let x(d) = -24*d + 100. Let s be x(4). Let u(b) = -b + 4. Calculate u(s).
0
Let l = 99 + -102. Let p(k) = -6*k**2 - 3*k + 4. What is p(l)?
-41
Let q = -13 - -8. Let o be 0/(-2) + (-9 + 3)*-2. Let v(b) = -8*b**2 - 7*b + 3*b + o*b**2 + 1 + b**3. Give v(q).
-4
Suppose 8*k - 5*k = 33. Let j(c) = 2*c**2 + 4*c**2 - 1 - k*c**2 + c**3 - c**2 + 4*c. Give j(5).
-6
Let d(j) = j**3 - 8*j**2 + 12*j + 2. Let a(n) = 4*n + 150. Let t be a(-36). Determine d(t).
2
Suppose -10 = -3*n + 8. Let o(s) = 5*s + 1. Let i(k) = k. Let a(m) = n*i(m) - o(m). Calculate a(-4).
-5
Let v(z) = z**3 + 5*z**2 + 5*z + 3. Suppose 0 = 2*c - 7*c + 40. Let d be (10 + 1)/(c - 7). Let x = d + -15. Give v(x).
-1
Let u(y) = -4. Let k(g) = g - 2. Let a(t) = 4*k(t) - 3*u(t). Let q be a(-2). Let o(p) = -2*p**2 - 7*p - 5. What is o(q)?
-9
Suppose 0 = 3*w - 8*w - 5. Let h(n) = 9*n + 1. Let g(t) = t. Let u(v) = w*h(v) + 3*g(v). Suppose -r - 8 = 2*z, 4*z = -5*r + 3*z - 13. Calculate u(r).
11
Let y(x) = x - 5. Let q(v) = -v + 8. Let z be q(7). Let c be -2 + 1 - z - -4. Suppose c*h = -0*h + 8. Calculate y(h).
-1
Let o be 72/(-33) - (0 + (-4)/22). Let v(d) be the second derivative of -3/2*d**2 + 0 - 1/3*d**3 - 2*d. Give v(o).
1
Let u(y) = -21*y**2 + y + 22*y**2 + 0*y. Let f(o) = 10*o**3 + 1. Let d(p) = f(p) + 2*u(p). Suppose 5*t - 4 = 4*m, -4*t = 3*m + m + 4. Calculate d(m).
-9
Let i(p) = -p**2 - 7*p - 3. Let m(l) = l**2 + 8*l + 4. Let x(f) = 6*i(f) + 5*m(f). Give x(-5).
-13
Let d be (12/10)/((-14)/(-35)). Suppose -4*o = d*o. Let v(t) = -t**3 + t**2 + t + 2. Determine v(o).
2
Let i(y) = y**3 - 3*y**2 - 4*y - 5. Let n(k) = k**2 + 11*k - 8. Let z = 23 + -14. Suppose -27 = 3*x + z. Let s be n(x). Calculate i(s).
-5
Let p(m) = m**2 + 26 - 37 + 3 + 0*m + m. Calculate p(0).
-8
Suppose -u + 4 = -t, 2*t - 12 = 5*t. Let v(b) be the third derivative of b**5/60 - b**4/24 - 2*b**3 - 103*b**2 - 11. What is v(u)?
-12
Let s be ((-2)/3*-3)/(-2). Let z(j) = j**3 + 9*j**2 + 7*j - 9. Let v be z(-8). Let h be 2 - (v - 2)/s. Let u(t) = 6*t. Give u(h).
-6
Let j(h) = -2*h. Let k be j(3). Let o(c) be the second derivative of c**4/24 - c**3/3 + 9*c**2/2 + c. Let y(v) be the first derivative of o(v). What is y(k)?
-8
Let g(x) = -x**2 - 10*x - 7. Let b be g(-9). Let j(u) = -u + 5 + 4*u**2 + 8 + b*u**3 - 15 - 3*u**2. Determine j(-2).
-12
Let i(m) = -4*m + 2*m - m - 3 + 4*m. Let l = 68 - 48. Suppose f = 6*f + l. Determine i(f).
-7
Let q(t) be the second derivative of t**5/20 + t**4/2 - t**3/3 - 7*t**2/2 - 51*t. Give q(-6).
5
Let a(j) be the second derivative of 7*j**5/120 - j**3/6 + 11*j. Let w(x) be the second derivative of a(x). Give w(-2).
-14
Let a(z) = 15*z**2 - 3*z + 8*z**3 - 2*z - 27 + 22. Let c(m) = 3*m**3 + 5*m**2 - 2*m - 2. Let q(k) = -4*a(k) + 11*c(k). Give q(5).
-12
Let w(q) = 4*q**3 - 2*q**2 + 5*q + 3. Suppose 2*g + 5*p + 18 = 0, 8*g = 3*g - 5*p - 15. Let s(l) = -l**3 - l. Let z(f) = g*w(f) + 3*s(f). Give z(3).
18
Let c = -33 - -34. Let g(z) = 34*z. What is g(c)?
34
Let q(x) be the second derivative of x**5/20 - x**4/3 - x**3/2 - 7*x**2/2 - x. Let d be (-46 - 1)*(8 - 9). Let a = d - 42. Give q(a).
3
Let g(i) = -12*i + 9. Let x(q) = 13*q - 11. Let y(u) = -6*g(u) - 5*x(u). Suppose -5*d - 5*o + 25 = 0, -o = -3*d + 2*o - 9. Give y(d).
8
Suppose -20 = -4*d - 4. Suppose -d*b = m - 20, -5*m = -b - 0 - 16. Let g(f) = 13*f**2 - 21*f**2 - 4*f + 9*f**2 - 5 + f. Determine g(b).
-1
Let u(s) be the second derivative of s**7/2520 - s**6/144 - s**5/20 + 3*s**4/2 + 29*s. Let o(p) be the third derivative of u(p). Determine o(5).
-6
Suppose 3*b + 15 = 4*q, -5*q + 2*q = -2*b - 11. Let h(x) = -18*x**3 - 2*x**2 + 1. Calculate h(b).
17
Suppose -7*p + 3*p = -8. Let a(m) = 2*m + p*m - 2 - 2*m + 6. Suppose 0 = -3*z + 3*r - 24, -6*z + 5*z + 10 = 5*r. Calculate a(z).
-6
Let a = -48 + 4. Let r = 39 + a. Let v(c) = c + 11. Calculate v(r).
6
Let k = -36 + 47. Let x(l) = 5*l - 3*l**2 + 2*l - 4 + l**3 - 1 + k*l**2. Determine x(-7).
-5
Suppose -7*i = -3*i - 8. Suppose c = -c - i*l, 4*l = -2*c - 8. Let r(y) be the first derivative of -y**3/3 + y**2 - 3*y + 2. What is r(c)?
-11
Let v(t) = t - 3. Suppose 93*g - 4 = 89*g. Determine v(g).
-2
Let r(y) = -y**2 + 7*y + 2 + 3*y - 16*y + 5*y. Let z be -3 - 15/(-3) - 0. What is r(z)?
-4
Let k(w) = w**2 - w + 12. Let t be k(0). Let s(d) = 10*d + 4 - t*d - 3. Suppose -12 = -4*g - 4*x, -3*g + x + 15 = -g. Give s(g).
-11
Let n(y) = 27 - y + 5*y - 30 + y**2. Let b be n(-4). Let r(t) = -284*t - 282*t + 561*t + 1. What is r(b)?
16
Let u(c) be the third derivative of c**5/30 - c**4/6 + c**3/3 + 2*c**2 + 103*c. Calculate u(4).
18
Let l(o) = 27*o + 13. Let p(m) = 50*m + 24. Let d(z) = -11*l(z) + 6*p(z). Let a = 9 + -12. Determine d(a).
-8
Let x(w) = 11*w**2 + 12*w - 1. Let c(a) = 5*a**2 + 6*a. Let q(y) = 5*c(y) - 2*x(y). Determine q(-2).
2
Let c(w) = w**2 - 21*w + 111. Let n = -773 + 786. Calculate c(n).
7
Let i(a) = -a**3 + 9*a**2 - a + 7. Let z(b) = 2*b**2 + 51*b + 34. Let c be z(-25). Give i(c).
-2
Let g(n) = 5*n**2 - 2*n + 1. Suppose 0 = -4*m - 16 - 0. Let x(f) = f**3 + 5*f**2 + 4*f + 1. Let q be x(m). Let y be q/(1*(-2 - -3)). Calculate g(y).
4
Suppose 4 = -10*a - 16. Let i be (a/6)/((152/288)/(-19)). Let t(m) = -m**2 + 13*m - 8. Calculate t(i).
4
Let t(b) = -b + 7. Let k = 15 - 10. Suppose -k*z - 43 = -113. Suppose -y + 4*r + r - z = 0, 4*y = r + 20. What is t(y)?
1
Let x(t) = -t**3 + t**2 - t + 29. Let p = 592 - 592. What is x(p)?
29
Let y(k) = -6*k + 3. Let u(b) = -6*b + 1. Let c(q) = 4*u(q) - 3*y(q). Suppose n + 9 = 5. Calculate c(n).
19
Suppose 0 = -8*z - 7 - 1. Let s be 55/(-45) + z + (-22)/(-18). Let p(j) = -7*j. Give p(s).
7
Suppose -5*w + 5*q = -140, -3*q + 91 = w + 3*w. Let y = w + -30. Let v(p) = p + p - 6*p - p**2 + 1. Give v(y).
-4
Let b(f) = 4*f**3 + 3*f**2 - 2. Let p be b(1). Let k(a) = 5 - 2*a + 2*a - a + 0. Let v(d) = 2*d - 15. Let o(r) = 7*k(r) + 2*v(r). Give o(p).
-10
Suppose -10*g - 10*g = -13*g - 49. Let l(f) be the first derivative of f**3/3 - 5*f**2/2 - 7*f + 2. Give l(g).
7
Let h(t) be the second derivative of t**5/60 - 5*t**4/24 + t**3 + 3*t**2 + 7*t. Let z(d) be the first derivative of h(d). Give z(4).
2
Let v(u) = u**3 + 3*u**2 - 4*u + 3. Let b be v(-4). Suppose -s - b*s = -32. Let r(a) = 3 + 3*a**2 - a**3 - s + 5*a + a. Determine r(4).
3
Let h(t) = t**3 + 8*t**2 + t + 8. Let s be h(-8). Suppose -4*v - 16 = s, -m - m = -4*v - 4. Let g(d) = -3*d - 6. Determine g(m).
12
Let q(o) = -3*o**3 + 7*o**2 + 5*o + 10. Let i(d) = -10*d**3 + 2